et q be -1 + 1 + -1 + -4. Let s(g) = -g**3 - 5*g**2 - 5*g - 4. What is the tens digit of s(q)?
2
Let l = 4 + -4. What is the units digit of (-42)/(-3) - (l + 2)?
2
Suppose 0 = -o - 2*t + 30, 0 = -2*o - 0*o + 5*t + 87. What is the tens digit of o?
3
Let j(u) = u**2 - u. Let n be (3 - (-1 + 2))*-2. What is the units digit of j(n)?
0
Suppose 86 + 154 = 3*m. What is the units digit of m?
0
Let t(g) = -g**2 - g. Let r(p) = p**3 + 7*p**2 - 2*p - 4. Let u(v) = r(v) + 4*t(v). Let x be u(-4). Suppose h - x = -h. What is the units digit of h?
2
Let v(m) = -5*m + 4. Let h(l) = -14*l + 13. Let o(s) = 3*h(s) - 8*v(s). What is the units digit of o(-9)?
5
Suppose -4*b = -5 - 15. Let f be 2*-6*(-3)/(-12). Let z = f + b. What is the units digit of z?
2
Suppose -2*o + 48 = 118. Suppose 4*j - 273 = 5*k, k + j + 51 = -0*j. Let y = o - k. What is the units digit of y?
8
Let h = -28 - -13. Let r = 55 + h. Suppose 2*y - r = -2*y. What is the tens digit of y?
1
What is the units digit of -7*(-13)/((-182)/(-72))?
6
Let n be -1*3/3*-4. Suppose -6 = n*y - 2. Let q = 6 + y. What is the units digit of q?
5
Suppose 0 = -2*y - 0*y. Suppose y = -3*c - 26 + 62. What is the tens digit of c?
1
Let x(g) be the third derivative of g**5/60 - g**4/4 - 7*g**3/6 + 7*g**2. What is the tens digit of x(11)?
4
Let z(w) = -3*w - 3. Let t be z(-3). Suppose 0 = l - t. What is the units digit of l?
6
Let q(m) = -m**2 + m - 5. Let y be q(0). Let d(w) = w**2 + 5*w + 1. Let c be d(y). Let b(a) = 9*a - 1. What is the units digit of b(c)?
8
Let m be 4 + 1*(-1 + 2). Let r be (2/m)/(3/(-30)). Let u = r - -8. What is the units digit of u?
4
Suppose -5*s = 2*j - 6, -2*s + 4 = j + s. What is the units digit of j*(-7)/4*2?
7
Let f be 3/5 + 198/45. Suppose f*j - j = 56. What is the tens digit of j?
1
Let d(k) = k**2 - 2*k + 1. Let l(x) = -x**2 + 4*x + 2. Let u be l(5). Let t be d(u). Suppose 5*z - 4 = -3*s + t, -3*s = 0. What is the units digit of z?
4
Let c be 2/(2 + 34/(-18)). Suppose -5*n - c + 108 = 0. What is the tens digit of n?
1
Let f be (-1)/((0 - -1)/3). Let k = f + 6. Suppose 28 = z + k*z. What is the units digit of z?
7
Suppose -7*i = -17*i + 1270. What is the tens digit of i?
2
Let k(s) = -s**3 - 5*s**2 + 3*s - 6. Let q = -5 - 1. What is the tens digit of k(q)?
1
Let k = -14 - -18. Suppose 4*u = -w + 40, u - k = -u. What is the tens digit of w?
3
What is the units digit of (2/(-6))/(8/(-120))?
5
Let z = 151 + -127. What is the tens digit of z?
2
Suppose -5*s = 2*r + 135, 5*s + 0*r + 3*r = -135. What is the units digit of (1/(-3))/(1/s)?
9
Let z(n) = -2*n + 9. Suppose 4*l = 5*l + 3*y - 3, -2*l = y + 19. What is the units digit of z(l)?
3
Let x = -5 + 5. Suppose x*h + 1 = h. What is the units digit of h?
1
Let p(h) = h**3 + 4*h**2 + 1. Let n be p(-4). Let l(c) = c - 7. Let u be l(3). What is the units digit of (-1)/(n/u) - -1?
5
Let p(q) = 2*q - 2. Let y be p(5). Suppose -12 = -5*s + y. Suppose 0 = s*m - m - 12. What is the units digit of m?
4
Let g = 9 + -15. Let n be 37/7 + g/21. Suppose f = n*f - 20. What is the units digit of f?
5
Suppose 4*r - c - 22 = r, 3*c = -r + 14. Suppose -45 - 75 = -3*p. Suppose p = r*y - 3*y. What is the units digit of y?
8
Suppose -2*q + 131 - 37 = 0. What is the tens digit of q?
4
Let g(y) = 26*y**3 - 3*y**2 + 8*y - 5. Let i(q) = -9*q**3 + q**2 - 3*q + 2. Let a(z) = 3*g(z) + 8*i(z). What is the units digit of a(1)?
6
Let r be (1/3)/((-3)/(-72)). What is the units digit of 6/r + 135/12?
2
Let f(i) = -i**2 - 9*i + 13. Let u be f(-10). Suppose -y + 42 = u*x, 0*x + y = x - 14. What is the units digit of x?
4
Let u = 6 + -1. Suppose 5*z - 5 = -3*r - 0*r, -5*z = r + u. Suppose 2*w = 7 + r. What is the units digit of w?
6
Suppose 66 + 18 = 2*y. Suppose -5*h + n - y = -184, n = 3*h - 86. What is the units digit of h?
8
Suppose 5*i = 120 + 705. What is the units digit of i?
5
Suppose -18 = -4*b - 90. What is the units digit of (b/12)/(3/(-2))?
1
Suppose 2*n - 1 = -9. Let c be (-183)/(-6) - (-2)/n. Suppose 0 = -m + 3*f + 12, -4*m + 2*f + c = -f. What is the units digit of m?
6
Let c(v) = -v**3 - 10*v**2 - 12*v + 3. Let o be -12 + (-3 - -3) - -3. What is the units digit of c(o)?
0
Let a = -87 - -168. What is the units digit of a?
1
Let p(l) = l**2 + 4*l - 3. Let a be p(2). Suppose 0*y - a = -2*y + c, c = -3*y + 6. What is the units digit of y?
3
Suppose -7*g = -2*g - 200. Suppose -8*t + 3*t + g = 0. What is the units digit of t?
8
Suppose 6*n = 5*n + 24. What is the tens digit of n?
2
Let k(l) = l**2 + 9*l + 11. Let j = -7 - -2. Let z(t) = t**3 + 4*t**2 - 3*t + 1. Let x be z(j). What is the units digit of k(x)?
1
Suppose 3*f - 186 = -3*v, 3*f + 4*v + 0*v - 190 = 0. What is the units digit of f?
8
Suppose -4*v + 4*d + 174 + 506 = 0, 2*d = 8. What is the units digit of v?
4
Let i(w) = 3*w + 1. Let g be -1 + (-5)/(10/(-4)). Let b be i(g). What is the units digit of b/(-10) - 7/(-5)?
1
Let m be (-3)/1 + 40/8. Suppose -n = 3*y - 120, 0 = -m*y - 2*n - 0*n + 76. What is the tens digit of y?
4
What is the units digit of ((-50)/(-15))/((-2)/(-3))?
5
Suppose -25 + 1 = a. Let y = a - -35. What is the tens digit of y?
1
Suppose 0 = t + 7 - 42. What is the tens digit of t?
3
Suppose 0 = 5*x + 3*m + 30, 4*m + 15 = -5*x - 20. Let v be -35 + 3 + x + -1. What is the units digit of 158/18 - 8/v?
9
Suppose 0 = 3*z - 2*l - l + 51, 4 = -l. Let d = z - -35. What is the units digit of d?
4
Suppose -4*l = -2*h + 34, 3*h - 2*l + 4*l - 11 = 0. Let z = h + -2. What is the units digit of z?
5
Let u(s) = 5*s - 1. What is the units digit of u(3)?
4
Let v = -10 - -13. What is the units digit of v?
3
Let k(x) be the third derivative of x**6/120 + x**5/6 - x**4/24 - 5*x**3/6 - x**2. What is the units digit of k(-10)?
5
Let d = 2 + -7. Let i be (-23)/(-5) - 2/d. Suppose 16 = 4*k, -2*b + i*k = b + 17. What is the units digit of b?
1
Suppose -4*b - 5 - 3 = 0. Let s(k) = -3*k**3 + 2*k**2 + 2*k - 2. What is the units digit of s(b)?
6
Let g = 1 - -5. Suppose -2*l = -4*l + g. What is the units digit of l?
3
Let r = 328 + -8. What is the tens digit of r?
2
Suppose 12 = -3*m - m. Let o be 56/21 - 1/m. Suppose -27 = -0*w - o*w. What is the units digit of w?
9
Let d be (-384)/(-18)*6/4. Suppose 3*t - d = 2*t. What is the units digit of t?
2
What is the tens digit of ((-130)/(-4))/(3/6)?
6
Let t(a) = -a**3 + 7*a**2 + a - 3. Let c be t(7). Let v = c - -17. Suppose -v + 6 = -5*q. What is the units digit of q?
3
Suppose 0 = -4*a + 15 + 1. Suppose -4*k = -9*t + 4*t + 55, -a*t = -5*k - 44. What is the tens digit of t?
1
Suppose 5*b + 255 = d + 4*d, 4*d - 159 = -5*b. What is the units digit of d?
6
Suppose -p + 96 + 2 = 0. What is the tens digit of p?
9
Suppose 0 = w - 5*n + 7*n - 4, 0 = -2*w - 3*n + 11. What is the units digit of w?
0
Suppose m = -m. Let k be (3 - (-1 + -1)) + m. Let b = k + 2. What is the units digit of b?
7
Let l = -5 + 7. Suppose l*x = x. Suppose q - 3 + 0 = x. What is the units digit of q?
3
Suppose 0 = -4*s + 2*s + 6. Suppose 2*h + 0*d + s*d = 60, -3*h = 2*d - 100. Let i = h - 22. What is the units digit of i?
4
Suppose -4*g + 2*g - 4*p + 38 = 0, 95 = 5*g - 2*p. Suppose 2*o = 3 + g. What is the units digit of o?
1
Let h(t) = t**3 + 9*t**2 + 3*t - 8. What is the tens digit of h(-8)?
3
Let y = 1 + 5. Suppose l - y = 14. What is the units digit of l?
0
Let d(b) = 16*b**2 - b. Let j be ((-2)/6)/((-1)/3). What is the units digit of d(j)?
5
Suppose -3*k - 3*g = -480, 0*g + g = -4. What is the hundreds digit of k?
1
Let h = 267 - 176. What is the tens digit of h?
9
Let n(a) = -a + 7. Let c be n(7). Suppose 0 = 5*j - 5*m + 21 - 1, -5*m + 25 = c. What is the units digit of j?
1
Let x(b) = 5*b - 7. What is the units digit of x(8)?
3
Suppose -2*f - 17 = -79. What is the units digit of f?
1
Suppose 0 = m - 11 - 52. What is the units digit of m?
3
Let c be (0 - 3)/((-2)/8). Suppose 0 = k - 0*k - 4. Suppose 0*d - 2*a + 30 = 5*d, c = -d - k*a. What is the units digit of d?
8
Suppose -3*u - 29 - 19 = 3*j, 5*j + 46 = -3*u. Let c = u - -26. What is the units digit of c?
9
Let p(v) be the second derivative of v**5/20 - v**4/3 - v**3/2 + v**2 + 2*v. What is the units digit of p(5)?
2
Let o(s) = s**3 + s**2 - 8*s - 1. Let y(w) = -w**3 + 7*w + 1. Let h(m) = 4*o(m) + 5*y(m). What is the tens digit of h(4)?
1
Suppose 